- 162 = 2*i, 5*x + 9*i - 12*i = 200. Calculate the highest common divisor of h and x.
43
Suppose 0 = -2*x + 3*x - 150. Calculate the greatest common divisor of x and 30.
30
Let c(r) = 51*r**2. Let z be c(-6). Suppose -12*p = -29*p + z. Calculate the greatest common factor of 36 and p.
36
Let o = -639 - -678. What is the greatest common factor of 24 and o?
3
Suppose 13*r + 886 = 16941. What is the highest common factor of 65 and r?
65
Let r be 5/(-5 - (-18)/3). Suppose -72 - 288 = -r*f. What is the highest common divisor of 48 and f?
24
Suppose 5*s + 65 - 215 = 0. Let n be 4 - ((-48)/15)/(4/s). What is the greatest common divisor of n and 126?
14
Let o = -306 + 625. Suppose 5*n = -4*v + 262, 5*v - o = -n - n. Calculate the greatest common divisor of v and 7.
7
Let o be ((-1)/3)/((-5)/45). Suppose 8*s = o*s + 100. What is the highest common divisor of 30 and s?
10
Suppose x - 5*r + 1012 = 3*x, r = 4. What is the highest common divisor of 16 and x?
16
Suppose -2*l + 5 = 2*z - 3, -5*z + 32 = -l. Let g = 48616 + -48466. Calculate the highest common divisor of z and g.
6
Let d(b) = 228*b - 3. Suppose 4 = 3*x + h, -5*x + 2*h - 3 = -6. Let a be d(x). Suppose -51 = -4*p + a. What is the highest common factor of 46 and p?
23
Let d = 4834 - 2926. What is the highest common divisor of d and 9?
9
Let x = 83 + -338. Let p = x - -530. Let d be (-4)/(-10) + (-369)/(-15). What is the greatest common divisor of d and p?
25
Suppose -2*t - 5*r = 9, t - 5*t + 21 = -3*r. Suppose -t*w + d + 35 = 0, 9 = 4*w + 2*d - 51. Calculate the highest common divisor of w and 13.
13
Let f(z) = -7*z - 1. Let i be f(-7). Calculate the greatest common divisor of 240 and i.
48
Suppose -4*y + 426 = -270. Calculate the greatest common factor of y and 116.
58
Suppose 3*j + 2*f + 42 = 8*j, -j + 4 = 4*f. What is the highest common factor of j and 104?
8
Let d be (-6)/2 + 24/4. Suppose -4*z - z + 171 = -d*q, 0 = z - q - 35. What is the greatest common factor of z and 22?
11
Let r(m) = 17*m**3 + 3*m**2 - 3*m + 1. Let q be r(2). Calculate the greatest common factor of 13 and q.
13
Let s = -1422 + 1554. What is the highest common divisor of 3036 and s?
132
Let l(g) = -g**3 - 5*g**2 - 7*g - 5. Let a be l(-5). Let x be (-2 + -1)*1*-15. What is the highest common factor of a and x?
15
Suppose 0 = 12*r - 53 - 19. Let n be 16/24 + 812/r. Calculate the highest common factor of 17 and n.
17
Let g = -239 - -365. Calculate the highest common factor of g and 693.
63
Suppose 2*q + 2*q = 4*h - 28, 3*h - 27 = 4*q. Let v be (0 - q)/(6/27). Let d be 14/4 + 6/(-12). What is the highest common divisor of v and d?
3
Suppose -2*y + 0*y = -12. Let m(c) = c**3 - 6*c. Let d be m(3). Suppose -27 = -d*g + 27. What is the highest common factor of y and g?
6
Suppose -5*b + 5 = 0, 3*f = 5*f - 3*b - 53. Calculate the highest common factor of f and 16.
4
Let h(k) = -5*k**2 - 37*k + 15. Let l be h(-7). Calculate the highest common divisor of 551 and l.
29
Let y be (0 + (-9)/(-6))*2. Let t = -36 - -62. Let i = -14 + t. Calculate the highest common factor of y and i.
3
Suppose -25 = 4*f - 621. Suppose 9*v - 94 = f. Calculate the greatest common factor of 135 and v.
27
Let b(k) be the second derivative of 5*k**5/4 - k**3/3 + k**2/2 + 8*k. Let l be b(1). What is the greatest common factor of 12 and l?
12
Let y be 28*(-2 + (-6)/(-4)). Let j be (-1 - y) + (-1 - -4). What is the highest common divisor of j and 80?
16
Let g be 2/(-6) - (-62)/(-3). Let u be 24/(-3)*g/12. Suppose 0*s = 3*s + 3*k - 132, 4*s - 5*k - 158 = 0. Calculate the highest common divisor of s and u.
14
Suppose -k + 6 - 1 = 0. Suppose -h + k = -1. Suppose 0 = a - h - 6. Calculate the highest common divisor of a and 36.
12
Let s be 175/10*36/45. What is the greatest common factor of s and 22?
2
Suppose -6*m + 2550 = -m. Suppose -2*k = 5*c - m, -4*k + 110 = c - 2*k. Calculate the greatest common factor of c and 20.
20
Suppose 0 = -4*h + 4*m + 132, -4*h + 35 = 2*m - 79. Let n = 49 - h. Calculate the greatest common divisor of n and 76.
19
Let i be (-1)/((12/20)/(-3)). Let v = i + -1. Suppose -l + 14 = 2*b, -v*l + 69 = -4*b - b. Calculate the greatest common factor of 4 and l.
4
Let c be (-2)/1*1/(-2). Let h = -34 - -193. Suppose -h = 2*a - 161. Calculate the highest common factor of a and c.
1
Suppose 2*t + 2*d - 984 = 0, 0*t - 4*t + d = -1958. What is the highest common divisor of 10 and t?
10
Let w = 242 - 185. What is the highest common divisor of 152 and w?
19
Suppose -4*y - 2*m - 3*m + 3 = 0, 11 = 4*y - 3*m. Suppose -z - 12 = -5*z. Suppose 26 - 68 = -z*r. What is the highest common factor of y and r?
2
Suppose 58*h - 29*h = 72471. Calculate the highest common divisor of h and 17.
17
Suppose -3*s = -3 - 9. Suppose -s*c = -161 + 1. Suppose -210 = 22*j - 320. Calculate the highest common divisor of j and c.
5
Suppose -2*m + 5*q = 1, -2*m = -2*q + 4*q - 34. Let o(t) = m - 51 + t**2 + 13*t + 6. Let p be o(-16). What is the highest common factor of p and 60?
15
Let x be (24/9)/(4/6). Let u be 54 + (x + -3 - -1). What is the highest common divisor of u and 8?
8
Let z be 18/3 - (4 - (6 + -4)). What is the greatest common factor of 4 and z?
4
Suppose 4*j = -14 - 2. Let x be (-6)/8 - 75/j. Suppose -2*m = -0*m - 54. What is the highest common factor of x and m?
9
Let i = -157 - -143. Let z = i + 64. What is the highest common divisor of 550 and z?
50
Let s(t) = 70*t**2 - t - 1. Let v be (8/24)/((-1)/3). Let g be s(v). What is the highest common divisor of 28 and g?
14
Let r(o) = 32*o + 390. Let i be r(-12). What is the highest common divisor of i and 366?
6
Let q be 4/22 + 10752/33 + -7. What is the highest common factor of 87 and q?
29
Let r = -297 - -307. What is the highest common factor of r and 570?
10
Suppose -r = -8*p - 19, 2*r + 2*r + 5*p - 113 = 0. What is the greatest common factor of 351 and r?
27
Suppose 0 = u + 2*a - 12, -u = -4*a - a - 40. What is the greatest common divisor of 140 and u?
20
Suppose -17*c + 1190 = -0*c. Calculate the highest common factor of c and 140.
70
Let n(h) = h + 2. Let x be n(2). Suppose -30 = -x*g + 2*z, -4*z - 24 = -g - g. Suppose -g*b + 200 = -2*b. What is the greatest common factor of 10 and b?
10
Let s be 3 - (-27 + (-3)/(-3)). What is the highest common factor of 261 and s?
29
Suppose 7*a = p + 8*a + 21, -5*a = -20. Let n be (-1 - p) + (0 - -1). What is the greatest common divisor of 20 and n?
5
Suppose -14*w + 269 + 331 = 36*w. Suppose -122 = -4*g + f + 410, -2*g + 256 = 2*f. What is the highest common factor of g and w?
12
Let a = -1034 - -1046. What is the highest common divisor of 96 and a?
12
Let d(y) = -3*y + 5*y**2 - 2*y**2 - 4*y + 0*y**2 + 5. Let f be ((-2)/6)/((-3)/45). Let i be d(f). Calculate the highest common divisor of i and 9.
9
Let t(s) = -s**2 + 26*s + 185. Let k be t(31). Suppose 117 = p - 3*o, 2*o = -5*p + 237 + 365. What is the highest common factor of k and p?
30
Let s = 1 - -2. Let w(g) = 6*g - 82. Let u be w(19). Let a be s - (-3 - -2)*u. Calculate the highest common divisor of a and 5.
5
Let z(t) = 3*t**2 + 21*t + 30. Let d be z(-9). Calculate the highest common divisor of 30 and d.
6
Let t(d) = 4*d - 9. Let o be t(9). Calculate the greatest common divisor of 18 and o.
9
Let g be -3*(21/(-9) + 1). Suppose 12 = -g*y + 5*y. What is the greatest common divisor of 8 and y?
4
Let d(p) = -12*p - 3. Let q = -86 + 136. Let f be (-9)/12 + q/(-8). Let g be d(f). What is the greatest common factor of 9 and g?
9
Suppose -23 = -5*c + 2*f, 7*c = 3*c - f + 21. Suppose c*u + 5*u = 200. Calculate the greatest common factor of 20 and u.
20
Let s be (-5118)/(-30) + (-6)/(-15) + -1. What is the greatest common factor of 68 and s?
34
Let q be (-4)/(-16)*4*3. Let z(l) = -l**3 + l + q + 7*l**2 + 0 + 2. Let y be z(5). Calculate the highest common divisor of y and 12.
12
Suppose -49 + 157 = 4*x. Suppose 0 = 2*k - 3*k + 2*j + x, 2 = -2*j. Calculate the highest common divisor of 25 and k.
25
Let r = -33 + 35. Suppose -3*c - 75 = -t - 0*c, -r*t = -5*c - 149. What is the highest common factor of 36 and t?
36
Suppose 4*o + 3*r = o - 6, -3*o + 2*r = 6. Let h be (1/o)/((-4)/(-144)). Let j be (3 - h) + -3 + 2. Calculate the highest common divisor of j and 100.
20
Let y(n) = -n**2 + 12*n + 17. Let h be y(13). Suppose a + 190 + 14